 24*a**2 - 6*a + 11. Let o be t(2). What is the greatest common divisor of o and 38?
19
Let a(t) = -t**3 - 5*t**2 - 5*t. Let p be a(-4). Let k = p + 0. What is the highest common factor of 24 and k?
4
Suppose 5*u + 22 = 7*u. What is the highest common divisor of 44 and u?
11
Let g(b) = -b**3 + 9*b**2 - b - 1. Let a be g(9). Let m(p) = -3*p - 6. Let u be m(a). Calculate the highest common factor of 6 and u.
6
Suppose 5*f = 2*f - 3*o, f = -5*o - 8. Suppose -f*g = 1 - 13. Suppose 0 = 3*t - t - 24. What is the greatest common divisor of t and g?
6
Let i(f) be the third derivative of -f**6/120 + 7*f**5/60 + 3*f**3/2 - 2*f**2. Let v be i(7). Calculate the highest common divisor of v and 99.
9
Let s = -36 - -39. Calculate the highest common divisor of 15 and s.
3
Let y be 19*((-2)/(-1) - -1). Suppose 2*o + y = 3*j + o, -o = 5*j - 87. What is the greatest common divisor of 144 and j?
18
Let r(j) = 4*j**3. Let i be r(1). Let f(m) = -8*m + 4*m**2 + 19*m - 5*m**2. Let u be f(8). What is the greatest common factor of u and i?
4
Suppose 0 = -2*j + 415 + 97. What is the greatest common divisor of 32 and j?
32
Let f(i) = 7*i - 2. Let s be f(5). Let l = s + 21. Suppose 5*z + 26 = a, 4*z - 8 = -3*a - a. What is the highest common factor of l and a?
6
Suppose 6 + 9 = m. Calculate the highest common divisor of m and 3.
3
Suppose 4*q - 32 = 8. Calculate the greatest common factor of q and 30.
10
Let o be (-2 + 3)*-1*-1. Let l(a) = 2*a**2 + 1. Let s be l(o). What is the greatest common factor of 24 and s?
3
Let l(o) = -4*o**3. Let c be l(-1). Calculate the highest common factor of 10 and c.
2
Suppose 28 = 5*a + 8. Suppose q + 5*f = 6*q - 80, 0 = a*q + 4*f - 56. What is the highest common divisor of q and 75?
15
Suppose -2*k = 5*m - 85, 0 = -2*k - 3*m + 26 + 57. Let z(q) = 2*q**2 - q. Let u be z(-2). What is the greatest common factor of u and k?
10
Let x be (-15)/2*(-36)/5. Calculate the greatest common divisor of 36 and x.
18
Let g be -22*(-2 + 1)*1. Suppose 0*u + g = 2*u. What is the highest common factor of u and 44?
11
Suppose -4*w = 3*t - 44, -t + 62 = 5*w + t. Calculate the greatest common divisor of 21 and w.
7
Let g = -5 + 7. Let m(v) = -37*v**2 - 3*v - 3. Let l be m(-2). Let h be g/(-8) + l/(-20). Calculate the greatest common factor of h and 77.
7
Let i be (-32)/4 - 1*-3. Let y be 2/i - (-1352)/5. What is the greatest common divisor of 30 and y?
30
Let c(g) = -g**3 - 9*g**2 + 2*g + 15. Let x be c(-9). Let l = x - -5. What is the highest common divisor of l and 4?
2
Suppose -3*a + 3*w + 30 = 0, -4*a = -6*a + 3*w + 17. What is the highest common divisor of 169 and a?
13
Let w be ((-616)/16)/(1/(-4)). Calculate the highest common divisor of 22 and w.
22
Suppose 0 = -4*x + 1 + 11. Suppose 5*o - x*o = -48. Let f = -3 - o. What is the highest common divisor of f and 7?
7
Suppose 0 = -0*j - 5*j + 245. Let v = -33 + j. Let u(w) = 3*w**2 - 3*w + 4. Let s be u(4). What is the greatest common factor of s and v?
8
Let u = 73 + -63. Suppose 52 + 10 = 2*b. Let p = b + -21. Calculate the greatest common divisor of u and p.
10
Suppose -2*u - 8 = 18. Let g = -6 - u. Let t(o) = 5*o**2 - 3*o + 9. Let i be t(4). Calculate the greatest common factor of g and i.
7
Suppose -5*t - 6*d = -4*d - 37, -3*t = -d - 20. Let m = -1 - -64. Calculate the greatest common factor of t and m.
7
Suppose 0 = -f + 3*f. Suppose 0 = 3*d - f*d - 3. What is the highest common factor of d and 1?
1
Let r be 1/(-4) + 169/52 - -133. Calculate the highest common divisor of 17 and r.
17
Let o be 4/10*(9 + -4). Suppose l + 2*r = 110, l - 153 + 55 = o*r. Let h = l + -4. What is the highest common divisor of 20 and h?
20
Let h be -3*16/(-12) + 8. What is the highest common divisor of 8 and h?
4
Suppose 2*d + 5*d - 1008 = 0. Calculate the highest common factor of 16 and d.
16
Let t(a) = a**2 - 3*a - 5. Let k be t(5). Suppose 3*l = -k*u + 71, -3*l + 0*u + 4*u = -62. Let d = 249 + -247. Calculate the highest common factor of l and d.
2
Let k = 5 + -3. Let c = 8 - -8. What is the highest common divisor of c and k?
2
Suppose a - 2*g - 13 = 0, 5 = -g - 0*g. Calculate the highest common factor of a and 12.
3
Suppose -2*u + 6 = 2. Suppose 5*q = -10, -4*v + u*q + 459 = 91. Calculate the greatest common factor of v and 13.
13
Let x(o) = -o**3 - 9*o**2 - 9*o + 8. Let a be x(-8). What is the greatest common divisor of a and 4?
4
Let k be 1/(2*(-4)/(-72)). Let j = k - 2. What is the highest common factor of j and 77?
7
Let a = -5 - -13. Let q(j) = -j**3 + j + 32. Let y be q(0). Calculate the highest common factor of a and y.
8
Suppose -3*d = -5*o - 19, 3*d - 4*d - o + 17 = 0. Suppose 0 = -n + 3 + 10. Calculate the greatest common factor of d and n.
13
Let p(w) = w**2 + 5*w - 6. Suppose 2*n + 24 = -2*n. Let l be p(n). Let q be (13 - l)/(2/2). Calculate the highest common divisor of q and 65.
13
Let r = -4 + 4. Suppose -4*a + r*a + 4 = s, 0 = s + 2*a - 2. Let b = 1 - s. What is the greatest common factor of b and 9?
1
Let g = -50 + 51. What is the highest common factor of g and 11?
1
Suppose 34 = 3*s + 2*s + 3*z, 5*s + z = 38. Let m be (-261)/(-3) - (-2)/2. What is the highest common divisor of s and m?
8
Suppose 4*d + 4 = 5*o - 7, 14 = 2*o - 4*d. Let z be 42 - 1 - (-1)/o. Suppose 4*v - 40 = -0*v. Calculate the highest common divisor of z and v.
10
Let p be ((-6)/(-8))/(21/1008). What is the highest common divisor of 24 and p?
12
Let g(c) = 2*c**3 - 5*c - 3. Suppose 0 = 3*r - 5*r + 8. Let m be g(r). What is the highest common divisor of 21 and m?
21
Let y(d) = d**3 + 3*d**2 - 2*d + 2. Let v be y(-3). Suppose -64 = -7*t + 3*t. Calculate the greatest common divisor of v and t.
8
Let b = 5 + -8. Let d = b + 7. Suppose d*c - 36 - 44 = 0. Calculate the highest common divisor of c and 8.
4
Suppose -20 = 2*c - 7*c. Suppose 3*z - s = 16, -z - 2*s = -1 - 2. Suppose -u = 4*u - z. What is the greatest common divisor of u and c?
1
Suppose 796 - 46 = 3*d. Suppose 4*m + 4*r - 232 = 0, -3*m + 5*r = m - d. What is the greatest common divisor of m and 24?
12
Let r be (-5)/6*-2*12. Let o(y) = y**2 - 6*y - 5. Let x be o(11). What is the greatest common factor of x and r?
10
Suppose -3*g + 2*q + 173 = 0, 0*g - 4*q - 71 = -g. Calculate the greatest common factor of g and 11.
11
Let x be (-3*1)/((-3)/81). What is the highest common factor of 9 and x?
9
Suppose 0 = h + 2, 0*g + g - 4*h - 14 = 0. What is the greatest common factor of g and 1?
1
Let y be 1/2 - 54/(-4). Let v = 104 - 83. Calculate the greatest common divisor of v and y.
7
Suppose 149 + 4 = 3*w. Suppose 4*h = -h - 20. Let s be 2/6*(-204)/h. What is the highest common divisor of s and w?
17
Let h = 59 + -29. Calculate the greatest common factor of 15 and h.
15
Let k be (-4)/8*10*1. Let c be -3*(1 - k/(-3)). Let l be ((-8)/(-6))/((-2)/(-24)). What is the greatest common divisor of l and c?
2
Suppose 0 = 46*x - 50*x + 40. Suppose 4*b = -2*y + 322, 2*b + 75 = 3*b - 5*y. Calculate the highest common divisor of b and x.
10
Suppose -4*t = -4*s + 36, -3*s - t = -s - 3. Suppose -s*d = -w - w - 64, 3*w = d - 11. What is the highest common factor of d and 51?
17
Let v be 1/((-64)/(-120) - (-2)/(-4)). Calculate the highest common factor of v and 270.
30
Let n(i) = -44*i. Let p be n(-1). Let t = -1 + 3. Suppose -t*r = -0*r - p. Calculate the greatest common factor of 11 and r.
11
Let p(g) = -6*g - 6. Let z be p(-11). Calculate the greatest common factor of 12 and z.
12
Let l = 19 - 15. Calculate the greatest common factor of l and 36.
4
Suppose -g = i + 125, 2*i = 2*g - 3*g - 120. Let s = 68 - g. Calculate the highest common divisor of s and 18.
18
Let d(t) = -5*t**2 - 2*t + 2. Let w be d(-2). Let l = 17 + w. What is the greatest common factor of l and 15?
3
Let x be (-2)/5*(-40)/2. Suppose 0 = -3*w - 2*s + 6*s - 25, 12 = 3*s. Let b be 4/1*w/(-6). What is the highest common divisor of x and b?
2
Let p = -3 - -6. Suppose 0 = p*o - 87 + 21. Let h = 40 - o. Calculate the greatest common factor of h and 36.
18
Let x(r) = -r**2 + 12*r + 11. Let f be x(12). What is the highest common divisor of 44 and f?
11
Let n(x) = 5*x**2 + 5*x - 4. Let p be n(3). Let r = p + -38. Calculate the highest common factor of 18 and r.
18
Suppose 4*c - 71 = -15. Let s be (4 + 60/(-8))*-2. What is the highest common 